{"id":5099,"date":"2026-08-31T21:28:27","date_gmt":"2026-09-01T00:28:27","guid":{"rendered":"https:\/\/www.comunidadeativa.jor.br\/?post_type=wpbdp_listing&#038;p=5099"},"modified":"2026-08-31T21:45:42","modified_gmt":"2026-09-01T00:45:42","slug":"bruno","status":"publish","type":"wpbdp_listing","link":"https:\/\/www.comunidadeativa.jor.br\/index.php\/business-directory\/bruno\/","title":{"rendered":"Bruno"},"content":{"rendered":"","protected":false},"excerpt":{"rendered":"<p>Aula particular (Matem\u00e1tica, F\u00edsica, Qu\u00edmica, Portugu\u00eas)<\/p>\n","protected":false},"author":1,"featured_media":0,"comment_status":"closed","ping_status":"closed","template":"","meta":{"colormag_page_container_layout":"default_layout","colormag_page_sidebar_layout":"default_layout"},"wpbdp_category":[195],"wpbdp_tag":[196,197,199,198,157],"class_list":["post-5099","wpbdp_listing","type-wpbdp_listing","status-publish","hentry","wpbdp_category-aula-particular-matematica-fisica-quimica-portugues","wpbdp_tag-aula-particular-matematica","wpbdp_tag-fisica","wpbdp_tag-portugues","wpbdp_tag-quimica","wpbdp_tag-servicos"],"_links":{"self":[{"href":"https:\/\/www.comunidadeativa.jor.br\/index.php\/wp-json\/wp\/v2\/wpbdp_listing\/5099","targetHints":{"allow":["GET"]}}],"collection":[{"href":"https:\/\/www.comunidadeativa.jor.br\/index.php\/wp-json\/wp\/v2\/wpbdp_listing"}],"about":[{"href":"https:\/\/www.comunidadeativa.jor.br\/index.php\/wp-json\/wp\/v2\/types\/wpbdp_listing"}],"author":[{"embeddable":true,"href":"https:\/\/www.comunidadeativa.jor.br\/index.php\/wp-json\/wp\/v2\/users\/1"}],"replies":[{"embeddable":true,"href":"https:\/\/www.comunidadeativa.jor.br\/index.php\/wp-json\/wp\/v2\/comments?post=5099"}],"wp:attachment":[{"href":"https:\/\/www.comunidadeativa.jor.br\/index.php\/wp-json\/wp\/v2\/media?parent=5099"}],"wp:term":[{"taxonomy":"wpbdp_category","embeddable":true,"href":"https:\/\/www.comunidadeativa.jor.br\/index.php\/wp-json\/wp\/v2\/wpbdp_category?post=5099"},{"taxonomy":"wpbdp_tag","embeddable":true,"href":"https:\/\/www.comunidadeativa.jor.br\/index.php\/wp-json\/wp\/v2\/wpbdp_tag?post=5099"}],"curies":[{"name":"wp","href":"https:\/\/api.w.org\/{rel}","templated":true}]}}

<p>Aula particular (Matemática, Física, Química, Português)</p>
