{"id":5327,"date":"2026-08-31T21:28:42","date_gmt":"2026-09-01T00:28:42","guid":{"rendered":"https:\/\/www.comunidadeativa.jor.br\/?post_type=wpbdp_listing&#038;p=5327"},"modified":"2026-09-02T11:02:45","modified_gmt":"2026-09-02T14:02:45","slug":"keniah-aguiar","status":"publish","type":"wpbdp_listing","link":"https:\/\/www.comunidadeativa.jor.br\/index.php\/business-directory\/keniah-aguiar\/","title":{"rendered":"Keniah Aguiar"},"content":{"rendered":"","protected":false},"excerpt":{"rendered":"<p>Show, Dj, aluguel de som e ilumina\u00e7\u00e3o, buffet, decora\u00e7\u00e3o de festa, organiza\u00e7\u00e3o de evento<\/p>\n","protected":false},"author":1,"featured_media":0,"comment_status":"closed","ping_status":"closed","template":"","meta":{"colormag_page_container_layout":"default_layout","colormag_page_sidebar_layout":"default_layout"},"wpbdp_category":[299],"wpbdp_tag":[302,303,304,301,305,157,300],"class_list":["post-5327","wpbdp_listing","type-wpbdp_listing","status-publish","hentry","wpbdp_category-show-dj-aluguel-de-som-e-iluminacao-buffet-decoracao-de-festa-organizacao-de-evento","wpbdp_tag-aluguel-de-som-e-iluminacao","wpbdp_tag-buffet","wpbdp_tag-decoracao-de-festa","wpbdp_tag-dj","wpbdp_tag-organizacao-de-evento","wpbdp_tag-servicos","wpbdp_tag-show"],"_links":{"self":[{"href":"https:\/\/www.comunidadeativa.jor.br\/index.php\/wp-json\/wp\/v2\/wpbdp_listing\/5327","targetHints":{"allow":["GET"]}}],"collection":[{"href":"https:\/\/www.comunidadeativa.jor.br\/index.php\/wp-json\/wp\/v2\/wpbdp_listing"}],"about":[{"href":"https:\/\/www.comunidadeativa.jor.br\/index.php\/wp-json\/wp\/v2\/types\/wpbdp_listing"}],"author":[{"embeddable":true,"href":"https:\/\/www.comunidadeativa.jor.br\/index.php\/wp-json\/wp\/v2\/users\/1"}],"replies":[{"embeddable":true,"href":"https:\/\/www.comunidadeativa.jor.br\/index.php\/wp-json\/wp\/v2\/comments?post=5327"}],"wp:attachment":[{"href":"https:\/\/www.comunidadeativa.jor.br\/index.php\/wp-json\/wp\/v2\/media?parent=5327"}],"wp:term":[{"taxonomy":"wpbdp_category","embeddable":true,"href":"https:\/\/www.comunidadeativa.jor.br\/index.php\/wp-json\/wp\/v2\/wpbdp_category?post=5327"},{"taxonomy":"wpbdp_tag","embeddable":true,"href":"https:\/\/www.comunidadeativa.jor.br\/index.php\/wp-json\/wp\/v2\/wpbdp_tag?post=5327"}],"curies":[{"name":"wp","href":"https:\/\/api.w.org\/{rel}","templated":true}]}}

<p>Show, Dj, aluguel de som e iluminação, buffet, decoração de festa, organização de evento</p>
