{"id":5394,"date":"2026-08-31T21:28:47","date_gmt":"2026-09-01T00:28:47","guid":{"rendered":"https:\/\/www.comunidadeativa.jor.br\/?post_type=wpbdp_listing&#038;p=5394"},"modified":"2026-08-31T21:47:58","modified_gmt":"2026-09-01T00:47:58","slug":"caju-cafe","status":"publish","type":"wpbdp_listing","link":"https:\/\/www.comunidadeativa.jor.br\/index.php\/business-directory\/caju-cafe\/","title":{"rendered":"Caju Caf\u00e9"},"content":{"rendered":"","protected":false},"excerpt":{"rendered":"<p>P\u00e3es artesanais, del\u00edcias regionais da Bahia, sucos e caf\u00e9s<\/p>\n","protected":false},"author":1,"featured_media":0,"comment_status":"closed","ping_status":"closed","template":"","meta":{"colormag_page_container_layout":"default_layout","colormag_page_sidebar_layout":"default_layout"},"wpbdp_category":[346],"wpbdp_tag":[320,348,347,349],"class_list":["post-5394","wpbdp_listing","type-wpbdp_listing","status-publish","hentry","wpbdp_category-paes-artesanais-delicias-regionais-da-bahia-sucos-e-cafes","wpbdp_tag-alimentacao","wpbdp_tag-delicias-regionais-da-bahia","wpbdp_tag-paes-artesanais","wpbdp_tag-sucos-e-cafes"],"_links":{"self":[{"href":"https:\/\/www.comunidadeativa.jor.br\/index.php\/wp-json\/wp\/v2\/wpbdp_listing\/5394","targetHints":{"allow":["GET"]}}],"collection":[{"href":"https:\/\/www.comunidadeativa.jor.br\/index.php\/wp-json\/wp\/v2\/wpbdp_listing"}],"about":[{"href":"https:\/\/www.comunidadeativa.jor.br\/index.php\/wp-json\/wp\/v2\/types\/wpbdp_listing"}],"author":[{"embeddable":true,"href":"https:\/\/www.comunidadeativa.jor.br\/index.php\/wp-json\/wp\/v2\/users\/1"}],"replies":[{"embeddable":true,"href":"https:\/\/www.comunidadeativa.jor.br\/index.php\/wp-json\/wp\/v2\/comments?post=5394"}],"wp:attachment":[{"href":"https:\/\/www.comunidadeativa.jor.br\/index.php\/wp-json\/wp\/v2\/media?parent=5394"}],"wp:term":[{"taxonomy":"wpbdp_category","embeddable":true,"href":"https:\/\/www.comunidadeativa.jor.br\/index.php\/wp-json\/wp\/v2\/wpbdp_category?post=5394"},{"taxonomy":"wpbdp_tag","embeddable":true,"href":"https:\/\/www.comunidadeativa.jor.br\/index.php\/wp-json\/wp\/v2\/wpbdp_tag?post=5394"}],"curies":[{"name":"wp","href":"https:\/\/api.w.org\/{rel}","templated":true}]}}

Caju Café

<p>Pães artesanais, delícias regionais da Bahia, sucos e cafés</p>
