{"id":5440,"date":"2026-08-31T21:28:50","date_gmt":"2026-09-01T00:28:50","guid":{"rendered":"https:\/\/www.comunidadeativa.jor.br\/?post_type=wpbdp_listing&#038;p=5440"},"modified":"2026-08-31T21:47:58","modified_gmt":"2026-09-01T00:47:58","slug":"karla-marinho","status":"publish","type":"wpbdp_listing","link":"https:\/\/www.comunidadeativa.jor.br\/index.php\/business-directory\/karla-marinho\/","title":{"rendered":"Karla Marinho"},"content":{"rendered":"","protected":false},"excerpt":{"rendered":"<p>Est\u00e9tica Home Care Humanizada: Hidrata\u00e7\u00e3o Facial 50+, Tratamentos especiais p\/ Idosos, Limpeza de Pele, Massagem Facial, Tratamentos Acne<\/p>\n","protected":false},"author":1,"featured_media":0,"comment_status":"closed","ping_status":"closed","template":"","meta":{"colormag_page_container_layout":"default_layout","colormag_page_sidebar_layout":"default_layout"},"wpbdp_category":[391],"wpbdp_tag":[392,394,395,396,382,397,393],"class_list":["post-5440","wpbdp_listing","type-wpbdp_listing","status-publish","hentry","wpbdp_category-estetica-home-care-humanizada-hidratacao-facial-50-tratamentos-especiais-p-idosos-limpeza-de-pele-massagem-facial-tratamentos-acne","wpbdp_tag-estetica-home-care-humanizada-hidratacao-facial-50","wpbdp_tag-idosos","wpbdp_tag-limpeza-de-pele","wpbdp_tag-massagem-facial","wpbdp_tag-saude-humana","wpbdp_tag-tratamentos-acne","wpbdp_tag-tratamentos-especiais-p"],"_links":{"self":[{"href":"https:\/\/www.comunidadeativa.jor.br\/index.php\/wp-json\/wp\/v2\/wpbdp_listing\/5440","targetHints":{"allow":["GET"]}}],"collection":[{"href":"https:\/\/www.comunidadeativa.jor.br\/index.php\/wp-json\/wp\/v2\/wpbdp_listing"}],"about":[{"href":"https:\/\/www.comunidadeativa.jor.br\/index.php\/wp-json\/wp\/v2\/types\/wpbdp_listing"}],"author":[{"embeddable":true,"href":"https:\/\/www.comunidadeativa.jor.br\/index.php\/wp-json\/wp\/v2\/users\/1"}],"replies":[{"embeddable":true,"href":"https:\/\/www.comunidadeativa.jor.br\/index.php\/wp-json\/wp\/v2\/comments?post=5440"}],"wp:attachment":[{"href":"https:\/\/www.comunidadeativa.jor.br\/index.php\/wp-json\/wp\/v2\/media?parent=5440"}],"wp:term":[{"taxonomy":"wpbdp_category","embeddable":true,"href":"https:\/\/www.comunidadeativa.jor.br\/index.php\/wp-json\/wp\/v2\/wpbdp_category?post=5440"},{"taxonomy":"wpbdp_tag","embeddable":true,"href":"https:\/\/www.comunidadeativa.jor.br\/index.php\/wp-json\/wp\/v2\/wpbdp_tag?post=5440"}],"curies":[{"name":"wp","href":"https:\/\/api.w.org\/{rel}","templated":true}]}}

<p>Estética Home Care Humanizada: Hidratação Facial 50+, Tratamentos especiais p/ Idosos, Limpeza de Pele, Massagem Facial, Tratamentos Acne</p>
